lse
Is 72019 a prime number?
True
Is 473855 a composite number?
True
Is 3593 a composite number?
False
Is 15253 a prime number?
False
Is 906987 a prime number?
False
Is 78457 composite?
True
Is 53693 composite?
False
Is 1793 composite?
True
Is 388051 a composite number?
False
Is 1996849 a composite number?
False
Is 1762841 prime?
False
Is 11197 prime?
True
Is 9961 a prime number?
False
Is 170722 a prime number?
False
Is 9507 prime?
False
Is 158677 a composite number?
True
Is 14981 a composite number?
True
Is 1171 composite?
False
Is 130373 composite?
True
Is 120619 a composite number?
False
Is 13093 a composite number?
False
Is 3967 prime?
True
Is 28349 a prime number?
True
Is 2999 prime?
True
Is 23663 a prime number?
True
Is 213281 prime?
True
Is 9451 a prime number?
False
Is 7187 a composite number?
False
Is 11437 prime?
True
Is 10007 a composite number?
False
Is 7271 prime?
False
Is 146033 a prime number?
True
Is 20011 prime?
True
Is 8887 a composite number?
False
Is 36037 composite?
False
Is 30353 a prime number?
False
Is 330991 a prime number?
False
Is 72719 composite?
False
Is 9382 prime?
False
Is 45295 a composite number?
True
Is 504635 a composite number?
True
Is 3989 a composite number?
False
Is 559 composite?
True
Is 201589 a prime number?
True
Is 50159 prime?
True
Is 1273 prime?
False
Is 1125665 prime?
False
Is 539711 prime?
True
Is 1277 a prime number?
True
Is 140111 a prime number?
True
Is 28921 composite?
False
Is 428773 composite?
True
Is 2251 prime?
True
Is 1312733 composite?
False
Is 10037 a composite number?
False
Is 13751 a composite number?
False
Is 641 a composite number?
False
Is 11113 a prime number?
True
Is 87985 prime?
False
Is 11309 composite?
True
Is 48487 a composite number?
False
Is 22241 a composite number?
True
Is 262553 prime?
True
Is 119123 composite?
True
Is 33047 prime?
False
Is 845069 prime?
True
Is 979 a composite number?
True
Is 502927 prime?
False
Is 874733 prime?
False
Is 11383 prime?
True
Is 130015 a prime number?
False
Is 10973 prime?
True
Is 601721 a prime number?
False
Is 36683 a prime number?
True
Is 24829 composite?
True
Is 1629767 a prime number?
True
Is 653 a prime number?
True
Is 833361 a prime number?
False
Is 27059 a composite number?
False
Is 55093 a prime number?
False
Is 86638 a prime number?
False
Is 32491 composite?
False
Is 433229 a composite number?
False
Is 808627 prime?
True
Is 356701 a prime number?
True
Is 75497 a composite number?
True
Is 34249 composite?
True
Is 82235 a prime number?
False
Is 298569 prime?
False
Is 24169 composite?
False
Is 7747 composite?
True
Is 341813 a composite number?
False
Is 171697 a prime number?
True
Is 3109 a prime number?
True
Is 4963 prime?
False
Is 64151 composite?
False
Is 9745 composite?
True
Is 950497 a composite number?
False
Is 606586 a composite number?
True
Is 35099 composite?
False
Is 689 composite?
True
Is 17211 prime?
False
Is 445317 a prime number?
False
Is 86069 a prime number?
True
Is 21283 a prime number?
True
Is 19949 a composite number?
False
Is 482627 composite?
False
Is 365429 prime?
False
Is 12889 a prime number?
True
Is 263537 prime?
True
Is 85331 a prime number?
True
Is 187 a composite number?
True
Is 59834 prime?
False
Is 24989 composite?
False
Is 1909 a prime number?
False
Is 1043 composite?
True
Is 7799 a composite number?
True
Is 12449 prime?
False
Is 1275181 composite?
True
Is 91283 composite?
False
Is 14669 a composite number?
False
Is 9467 a prime number?
True
Is 923639 composite?
True
Is 1691 a prime number?
False
Is 328619 composite?
False
Is 20369 composite?
False
Is 1077 a composite number?
True
Is 336823 a composite number?
False
Is 2833 a prime number?
True
Is 104693 a composite number?
False
Is 178289 composite?
False
Is 1070411 prime?
True
Is 596767 prime?
True
Is 318341 prime?
False
Is 2728678 composite?
True
Is 3595 a prime number?
False
Is 22637 composite?
False
Is 268003 composite?
False
Is 52285 a prime number?
False
Is 2459 a prime number?
True
Is 19547 a composite number?
True
Is 103171 composite?
False
Is 20681 a prime number?
True
Is 48157 composite?
False
Is 182734 prime?
False
Is 9151 composite?
False
Is 9587 a composite number?
False
Is 80853 composite?
True
Is 12697 a prime number?
True
Is 183649 prime?
False
Is 52103 a composite number?
False
Is 37049 a prime number?
True
Is 25981 composite?
False
Is 3658361 composite?
True
Is 36373 a prime number?
True
Is 13543 a composite number?
True
Is 2686405 a composite number?
True
Is 140363 a prime number?
True
Is 100769 composite?
False
Is 19563 prime?
False
Is 5951 composite?
True
Is 145381 composite?
False
Is 33149 a prime number?
True
Is 17741 prime?
False
Is 30379 composite?
True
Is 10779 a prime number?
False
Is 12449 a composite number?
True
Is 4391 composite?
False
Is 841 a composite number?
True
Is 417113 prime?
True
Is 157859 composite?
True
Is 55526 prime?
False
Is 67033 a composite number?
False
Is 887639 composite?
True
Is 219845 composite?
True
Is 470147 composite?
True
Is 4471 a prime number?
False
Is 717631 a prime number?
True
Is 252449 a composite number?
False
Is 377011 composite?
False
Is 6595 a prime number?
False
Is 6733 a composite number?
False
Is 191 a prime number?
True
Is 401377 a composite number?
True
Is 28011 prime?
False
Is 4861 prime?
True
Is 71779 prime?
False
Is 31687 a prime number?
True
Is 337261 composite?
False
Is 2813051 a prime number?
False
Is 9431 prime?
True
Is 484109 a composite number?
True
Is 206779 composite?
False
Is 591739 composite?
False
Is 17165 composite?
True
Is 45989 a prime number?
True
Is 2217 prime?
False
Is 6537 prime?
False
Is 70937 prime?
True
Is 61247 a prime number?
False
Is 205759 prime?
True
Is 660369 composite?
True
Is 3944507 a composite number?
True
Is 329761 prime?
True
Is 26734 a prime number?
False
Is 2126937 a prime number?
False
Is 2918 prime?
False
Is 37957 a prime number?
True
Is 4661 composite?
True
Is 524411 a composite number?
False
Is 272093 composite?
False
Is 88397 prime?
True
Is 3873 a prime number?
False
Is 3689377 prime?
True
Is 656015 a composite number?
True
Is 419231 prime?
True
Is 7993 a prime number?
True
Is 3683 a prime number?
False
Is 74551 prime?
True
Is 19561 prime?
False
Is 102397 prime?
True
Is 104206 a composite number?
True
Is 47087 composite?
False
Is 611783 a prime number?
False
Is 1796083 a prime number?
False
Is 27802 composite?
True
Is 474403 composite?
True
Is 224797 prime?
True
Is 8473 a composite number?
True
Is 48529 a composite number?
True
Is 71465 composite?
True
Is 133403 composite?
False
Is 5189 composite?
False
Is 79961 a prime number?
False
Is 2186 composite?
True
Is 736321 a prime number?
False
Is 46889 a composite number?
False
Is 23099 a prime number?
True
Is 1371 a prime number?
False
Is 9203 composite?
False
Is 72353 composite?
False
Is 82601 a composite number?
False
Is 66683 prime?
True
Is 121229 a prime number?
True
Is 2489027 composite?
True
Is 3164053 composite?
False
Is 209863 prime?
False
Is 541 prime?
True
Is 821477 a composite number?
False
Is 25 composite?
True
Is 72859 a prime number?
True
Is 378869 a composite number?
False
Is 464629 prime?
False
Is 296347 a composite number?
False
Is 535 a prime number?
False
Is 117449 a composite number?
True
Is 115673 a composite number?
True
Is 54979 prime?
True
Is 643403 a composite number?
False
Is 20789 a prime number?
True
Is 615361 prime?
False
Is 14591 a composite number?
False
Is 67957 composite?
False
Is 62939 composite?
False
Is 1213 prime?
True
Is 113433 prime?
False
Is 79681 composite?
True
Is 27355 prime?
False
Is 583 a prime number?
False
Is 9461 a composite number?
False
Is 2611 a composite number?
True
Is 10403 a prime number?
False
Is 38267 a prime number?
False
Is 145253 prime?
True
Is 9079 prime?
False
Is 105349 a prime number?
False
Is 1087 prime?
True
Is 475523 composite?
False
Is 95393 a composite number?
False
Is 123677 composite?
False
Is 185 composite?
True
Is 149 a composite number?
False
Is 7103 a composite number?
False
Is 343641 a prime number?
False
Is 15877 a composite number?
False
Is 62347 composite?
False
Is 15131 a prime number?
True
Is 6467 prime?
False
Is 707567 a composite number?
True
Is 2251 a prime number?
True
Is 4711739 a prime number?
True
Is 2203